1858 is divided by 33?
10
Calculate the remainder when 212064 is divided by 35.
34
Calculate the remainder when 481007 is divided by 223.
219
What is the remainder when 907 is divided by 35?
32
What is the remainder when 530240 is divided by 158?
150
What is the remainder when 9053 is divided by 174?
5
Calculate the remainder when 19842 is divided by 189.
186
Calculate the remainder when 611238 is divided by 19.
8
What is the remainder when 1944 is divided by 797?
350
Calculate the remainder when 1150 is divided by 156.
58
Calculate the remainder when 49501 is divided by 16497.
10
What is the remainder when 8798 is divided by 152?
134
What is the remainder when 73845 is divided by 136?
133
Calculate the remainder when 4599 is divided by 1364.
507
What is the remainder when 67257 is divided by 6707?
187
Calculate the remainder when 77614 is divided by 25871.
1
Calculate the remainder when 44937 is divided by 30.
27
What is the remainder when 69109 is divided by 256?
245
What is the remainder when 1164 is divided by 318?
210
What is the remainder when 78373 is divided by 404?
401
What is the remainder when 1943 is divided by 882?
179
What is the remainder when 1007065 is divided by 251765?
5
What is the remainder when 11790 is divided by 30?
0
What is the remainder when 306474 is divided by 52?
38
Calculate the remainder when 1282861 is divided by 53.
49
Calculate the remainder when 191865 is divided by 2063.
6
Calculate the remainder when 224003 is divided by 374.
351
What is the remainder when 327206 is divided by 3?
2
What is the remainder when 161784 is divided by 26962?
12
Calculate the remainder when 2164 is divided by 239.
13
What is the remainder when 2703 is divided by 88?
63
Calculate the remainder when 9108 is divided by 1109.
236
Calculate the remainder when 3578 is divided by 84.
50
What is the remainder when 69993 is divided by 79?
78
Calculate the remainder when 461311 is divided by 7.
4
Calculate the remainder when 9428 is divided by 59.
47
Calculate the remainder when 130939 is divided by 13070.
239
What is the remainder when 144300 is divided by 103?
100
Calculate the remainder when 731239 is divided by 808.
807
Calculate the remainder when 11597 is divided by 24.
5
What is the remainder when 653659 is divided by 115?
114
What is the remainder when 33874 is divided by 491?
486
Calculate the remainder when 415283 is divided by 13.
11
Calculate the remainder when 14997 is divided by 13.
8
Calculate the remainder when 6154 is divided by 765.
34
Calculate the remainder when 328362 is divided by 82090.
2
What is the remainder when 390397 is divided by 400?
397
What is the remainder when 2533998 is divided by 875?
873
What is the remainder when 158905 is divided by 79437?
31
Calculate the remainder when 366964 is divided by 58.
56
Calculate the remainder when 10976 is divided by 844.
4
What is the remainder when 640461 is divided by 124?
1
What is the remainder when 29083 is divided by 14522?
39
Calculate the remainder when 37412 is divided by 1704.
1628
What is the remainder when 5949 is divided by 248?
245
Calculate the remainder when 1037 is divided by 327.
56
What is the remainder when 7236 is divided by 86?
12
What is the remainder when 424957 is divided by 415?
412
Calculate the remainder when 417216 is divided by 968.
8
What is the remainder when 389234 is divided by 231?
230
Calculate the remainder when 1683163 is divided by 76.
67
What is the remainder when 377856 is divided by 126?
108
Calculate the remainder when 300040 is divided by 282.
274
Calculate the remainder when 2719 is divided by 278.
217
Calculate the remainder when 40630 is divided by 135.
130
What is the remainder when 7831 is divided by 19?
3
Calculate the remainder when 408973 is divided by 133.
131
Calculate the remainder when 18050 is divided by 1640.
10
What is the remainder when 112070 is divided by 752?
22
What is the remainder when 692203 is divided by 131?
130
What is the remainder when 3116 is divided by 67?
34
Calculate the remainder when 10717 is divided by 134.
131
What is the remainder when 269 is divided by 40?
29
Calculate the remainder when 1059070 is divided by 96.
94
Calculate the remainder when 6433 is divided by 50.
33
Calculate the remainder when 235259 is divided by 42.
17
Calculate the remainder when 204084 is divided by 51020.
4
Calculate the remainder when 36273 is divided by 5178.
27
Calculate the remainder when 508 is divided by 159.
31
What is the remainder when 425293 is divided by 9?
7
What is the remainder when 40271 is divided by 391?
389
What is the remainder when 130323 is divided by 10024?
11
Calculate the remainder when 1796 is divided by 215.
76
What is the remainder when 65183 is divided by 97?
96
Calculate the remainder when 32229 is divided by 6394.
259
What is the remainder when 3033820 is divided by 22?
20
What is the remainder when 14941 is divided by 7469?
3
Calculate the remainder when 583031 is divided by 194341.
8
What is the remainder when 97449 is divided by 19?
17
What is the remainder when 49795 is divided by 49765?
30
Calculate the remainder when 122330 is divided by 40743.
101
What is the remainder when 55276 is divided by 11054?
6
Calculate the remainder when 382427 is divided by 323.
318
What is the remainder when 9478 is divided by 413?
392
What is the remainder when 16105 is divided by 4010?
65
Calculate the remainder when 5539 is divided by 2764.
11
What is the remainder when 37194 is divided by 41?
7
Calculate the remainder when 652294 is divided by 17.
4
What is the remainder when 213 is divided by 211?
2
Calculate the remainder when 204975 is divided by 102479.
17
Calculate the remainder when 353009 is divided by 41.
40
Calculate the remainder when 3599 is divided by 174.
119
Calculate the remainder when 72907 is divided by 36452.
3
Calculate the remainder when 400446 is divided by 26695.
21
What is the remainder when 150749 is divided by 108?
89
Calculate the remainder when 431645 is divided by 848.
13
What is the remainder when 263163 is divided by 723?
714
Calculate the remainder when 2619 is divided by 849.
72
Calculate the remainder when 357369 is divided by 54.
51
What is the remainder when 1560391 is divided by 843?
841
What is the remainder when 997 is divided by 206?
173
Calculate the remainder when 194527 is divided by 397.
394
Calculate the remainder when 86421 is divided by 1630.
31
Calculate the remainder when 1027180 is divided by 33.
22
Calculate the remainder when 7830 is divided by 126.
18
Calculate the remainder when 124845 is divided by 11.
6
What is the remainder when 17170 is divided by 11?
10
What is the remainder when 92676 is divided by 662?
658
What is the remainder when 26220 is divided by 282?
276
What is the remainder when 2443 is divided by 13?
12
What is the remainder when 46395 is divided by 23194?
7
Calculate the remainder when 142682 is divided by 506.
496
Calculate the remainder when 18367 is divided by 53.
29
What is the remainder when 18348 is divided by 6053?
189
Calculate the remainder when 20916 is divided by 474.
60
Calculate the remainder when 11231 is divided by 1595.
66
Calculate the remainder when 36627 is divided by 110.
107
Calculate the remainder when 10481 is divided by 403.
3
Calculate the remainder when 125127 is divided by 31281.
3
Calculate the remainder when 86578 is divided by 902.
888
What is the remainder when 5314 is divided by 332?
2
What is the remainder when 12842 is divided by 321?
2
What is the remainder when 394 is divided by 364?
30
What is the remainder when 316030 is divided by 64?
62
Calculate the remainder when 3241 is divided by 272.
249
What is the remainder when 3891 is divided by 315?
111
Calculate the remainder when 1168731 is divided by 70.
11
What is the remainder when 78646 is divided by 26212?
10
Calculate the remainder when 502624 is divided by 58.
54
What is the remainder when 50029 is divided by 327?
325
Calculate the remainder when 220108 is divided by 41.
20
What is the remainder when 3446 is divided by 368?
134
What is the remainder when 13290 is divided by 4414?
48
Calculate the remainder when 36149 is divided by 1451.
1325
What is the remainder when 418 is divided by 198?
22
Calculate the remainder when 1027 is